{"id":7,"date":"2020-06-30T23:09:19","date_gmt":"2020-06-30T21:09:19","guid":{"rendered":"https:\/\/ribhouse.dk\/hillerod\/?page_id=7"},"modified":"2025-10-10T14:54:13","modified_gmt":"2025-10-10T12:54:13","slug":"rib-house-helsingoer","status":"publish","type":"page","link":"https:\/\/ribhouse.dk\/hillerod\/","title":{"rendered":"Rib House Hiller\u00f8d"},"content":{"rendered":"<div>\n<p>    <img decoding=\"async\" src=\"\/hillerod\/wp-content\/uploads\/sites\/3\/2020\/06\/193819_RibHouse-Hilleroed-edited-8a697b24.jpeg\" alt=\"\"><\/p>\n<\/div>\n<div>\n<p>    <!-- easyTableBooking START --><br \/>\n<script type=\"text\/javascript\">\n(function() { var st=document.createElement('script'); st.type='text\/javascript'; st.async=true; st.src='\/\/book.easytablebooking.com\/book\/widget\/v3\/book.js'; var sc=document.getElementsByTagName('script')[0]; sc.parentNode.insertBefore(st, sc); })();\n<\/script><noscript>Din browser har deaktiveret JavaScript!<\/noscript><\/p>\n<div class=\"BookingBox\" data-place=\"94d74\" data-lang=\"auto\"><span>I samarbejde med <a href=\"http:\/\/easytablebooking.dk\/\" target=\"_blank\" title=\"Online restaurant booking\">easyTableBooking.dk<\/a><\/span><\/div>\n<p><!-- easyTableBooking END --><\/p>\n<\/div>\n<hr>\n<div><a href=\"https:\/\/ribhouse.dk\/hillerod\/cookiepolitik\/\" style=\"color: #FFF7AD\" target=\"_blank\" rel=\"noopener noreferrer\">Cookiepolitik<\/a><br \/><a href=\"https:\/\/ribhouse.dk\/hillerod\/persondatapolitik\/\" style=\"color: #FFF7AD\" target=\"_blank\" rel=\"noopener noreferrer\">Persondatapolitik<\/a><\/div>\n<div>\n<h3>Rib House Hiller\u00f8d<\/h3>\n<div>\n<p>Man-fre 11:00-22:00<br \/>L\u00f8r-s\u00f8n: 10:00-22:00<\/p>\n<\/p>\n<p>Slotsgade 52<br \/>3400 Hiller\u00f8d<br \/>Tlf: 43 52 54 00<\/p>\n<\/div>\n<\/div>\n<div>\n<h3>OBS<\/h3>\n<div>\n<p>Det er ikke muligt at booke bord til udenfor, da vi k\u00f8rer efter &#8220;f\u00f8rst til m\u00f8lle&#8221; princippet.<\/p>\n<p><i>Vi g\u00f8r opm\u00e6rksom p\u00e5, at ved arrangementer med 10 personer eller derover, skal der senest 48 timer inden ankomst til restauranten, v\u00e6re meddelt endelig antal personer. Ellers vil du\/I blive opkr\u00e6vet det fulde antal personer.<\/i><\/p>\n<\/div>\n<\/div>\n<p><!--more--><br \/>\n<!-- {\"type\":\"layout\",\"children\":[{\"type\":\"section\",\"props\":{\"header_transparent\":true,\"header_transparent_text_color\":\"light\",\"image\":\"wp-content\\\/uploads\\\/Tr\\u00e6baggrund_m\\u00f8rk_forl\\u00f8b_dark.jpg\",\"image_position\":\"center-center\",\"image_size\":\"cover\",\"padding_remove_top\":true,\"style\":\"default\",\"title_breakpoint\":\"xl\",\"title_position\":\"top-left\",\"title_rotation\":\"left\",\"vertical_align\":\"middle\",\"width\":\"\"},\"children\":[{\"type\":\"row\",\"children\":[{\"type\":\"column\",\"props\":{\"image_position\":\"center-center\",\"position_sticky_breakpoint\":\"m\"},\"children\":[{\"type\":\"slideshow\",\"props\":{\"link_style\":\"default\",\"link_text\":\"Read more\",\"margin\":\"default\",\"meta_align\":\"below-title\",\"meta_element\":\"div\",\"meta_style\":\"text-meta\",\"nav\":\"dotnav\",\"nav_align\":\"center\",\"nav_breakpoint\":\"s\",\"nav_position\":\"bottom-center\",\"nav_position_margin\":\"medium\",\"overlay_animation\":\"parallax\",\"overlay_position\":\"center-left\",\"show_content\":true,\"show_link\":true,\"show_meta\":true,\"show_thumbnail\":true,\"show_title\":true,\"slidenav\":\"default\",\"slidenav_breakpoint\":\"s\",\"slidenav_margin\":\"medium\",\"slidenav_outside_breakpoint\":\"xl\",\"slideshow_autoplay_pause\":true,\"slideshow_min_height\":300,\"slideshow_ratio\":\"16:5\",\"thumbnav_height\":\"75\",\"thumbnav_svg_color\":\"emphasis\",\"thumbnav_width\":\"100\",\"title_element\":\"h3\"},\"children\":[{\"type\":\"slideshow_item\",\"props\":{\"image\":\"wp-content\\\/uploads\\\/sites\\\/3\\\/2020\\\/06\\\/193819_RibHouse-Hilleroed-edited-8a697b24.jpeg\"}}]}]}]},{\"type\":\"row\",\"props\":{\"layout\":\"2-3,1-3\",\"width\":\"default\"},\"children\":[{\"type\":\"column\",\"props\":{\"image_position\":\"center-center\",\"position_sticky_breakpoint\":\"m\",\"width_medium\":\"2-3\"},\"children\":[{\"type\":\"html\",\"props\":{\"content\":\"<!-- easyTableBooking START -->\\n<script type=\\\"text\\\/javascript\\\">\\n(function() { var st=document.createElement('script'); st.type='text\\\/javascript'; st.async=true; st.src='\\\/\\\/book.easytablebooking.com\\\/book\\\/widget\\\/v3\\\/book.js'; var sc=document.getElementsByTagName('script')[0]; sc.parentNode.insertBefore(st, sc); })();\\n<\\\/script><noscript>Din browser har deaktiveret JavaScript!<\\\/noscript>\\n<\/p>\n<div class=\\\"BookingBox\\\" data-place=\\\"94d74\\\" data-lang=\\\"auto\\\"><span>I samarbejde med <a href=\\\"http:\\\/\\\/easytablebooking.dk\\\/\\\" target=\\\"_blank\\\" title=\\\"Online restaurant booking\\\">easyTableBooking.dk<\\\/a><\\\/span><\\\/div>\\n<!-- easyTableBooking END -->\\n\"}},{\"type\":\"divider\",\"props\":{\"attributes\":\"\\t\\t\",\"divider_element\":\"hr\",\"maxwidth\":\"small\"}},{\"type\":\"text\",\"props\":{\"column_breakpoint\":\"m\",\"content\":\"<a href=\\\"https:\\\/\\\/ribhouse.dk\\\/hillerod\\\/cookiepolitik\\\/\\\" style=\\\"color: #FFF7AD\\\" target=\\\"_blank\\\" rel=\\\"noopener noreferrer\\\">Cookiepolitik<\\\/a><br \\\/><a href=\\\"https:\\\/\\\/ribhouse.dk\\\/hillerod\\\/persondatapolitik\\\/\\\" style=\\\"color: #FFF7AD\\\" target=\\\"_blank\\\" rel=\\\"noopener noreferrer\\\">Persondatapolitik<\\\/a>\",\"margin\":\"default\"}},{\"type\":\"html\",\"props\":{\"content\":\"\n\t<script type=\"text\/javascript\">\n        var ajaxurl = 'https:\/\/ribhouse.dk\/hillerod\/wp-admin\/admin-ajax.php';\n    <\/script>\n\n    <style>#rtb-time_root .picker__list .picker__list-item.picker__list-item--disabled { display: none; }.rtb-booking-form fieldset { border-color: #fff7ad !important; }.rtb-booking-form fieldset label { color: #d8d190 !important; }.rtb-booking-form .add-message a { color: #fff7ad !important; }.rtb-booking-form form button { background-color: #a62e33 !important; border-color: #a62e33 !important; padding: 13px 28px !important; }.rtb-booking-form form button { color: #ffffff !important; }<\/style>\n    \n<div class=\"rtb-booking-form\">\n\t\n\t\n\t\n\t\n\t<form method=\"POST\" action=\"\" class=\"rtb-booking-form-form\">\n\t\t<input type=\"hidden\" name=\"action\" value=\"booking_request\">\n\n\t\t\n\t\t\n\t\t\n\t\t\t\t<fieldset class=\"rtb-contact\">\n\n\t\t\t\t\t\t<legend >\n\t\t\t\tKontaktoplysninger\t\t\t<\/legend>\n\t\t\t\n\t\t\t\t\t<\/fieldset>\n\t\t\t\t<fieldset class=\"reservation\">\n\n\t\t\t\t\t\t<legend >\n\t\t\t\tBook et bord\t\t\t<\/legend>\n\t\t\t\n\t\t\t\n\t<div class=\"rtb-text date\">\n\t\t\t\t<label for=\"rtb-date\">\n\t\t\tDato\t\t<\/label>\n\t\t<input type=\"text\" name=\"rtb-date\" id=\"rtb-date\" value=\"\" required aria-required=\"true\">\n\t<\/div>\n\n\t\n\t<div class=\"rtb-text time\">\n\t\t\t\t<label for=\"rtb-time\">\n\t\t\tTidspunkt\t\t<\/label>\n\t\t<input type=\"text\" name=\"rtb-time\" id=\"rtb-time\" value=\"\" required aria-required=\"true\">\n\t<\/div>\n\n\t\n\t<div class=\"rtb-select meal-type\">\n\t\t\t\t<label for=\"rtb-meal-type\">\n\t\t\tMeal Type\t\t<\/label>\n\t\t<select name=\"rtb-meal-type\" id=\"rtb-meal-type\"  data-selected=\"\">\n\t\t\t\t\t\t\t\t\t<option value=\"0\" ><\/option>\n\t\t\t\t\t\t<option value=\"1\" >Brunch<\/option>\n\t\t\t\t\t\t<option value=\"2\" >Frokost<\/option>\n\t\t\t\t\t\t<option value=\"3\" >Aften<\/option>\n\t\t\t\t\t<\/select>\n\t<\/div>\n\n\t\n\t<div class=\"rtb-select party\">\n\t\t\t\t<label for=\"rtb-party\">\n\t\t\tPers.\t\t<\/label>\n\t\t<select name=\"rtb-party\" id=\"rtb-party\" required aria-required=\"true\"  data-selected=\"\">\n\t\t\t\t\t\t\t\t\t<option value=\"1\" >1<\/option>\n\t\t\t\t\t\t<option value=\"2\" >2<\/option>\n\t\t\t\t\t\t<option value=\"3\" >3<\/option>\n\t\t\t\t\t\t<option value=\"4\" >4<\/option>\n\t\t\t\t\t\t<option value=\"5\" >5<\/option>\n\t\t\t\t\t\t<option value=\"6\" >6<\/option>\n\t\t\t\t\t\t<option value=\"7\" >7<\/option>\n\t\t\t\t\t\t<option value=\"8\" >8<\/option>\n\t\t\t\t\t\t<option value=\"9\" >9<\/option>\n\t\t\t\t\t\t<option value=\"10\" >10<\/option>\n\t\t\t\t\t\t<option value=\"11\" >11<\/option>\n\t\t\t\t\t\t<option value=\"12\" >12<\/option>\n\t\t\t\t\t\t<option value=\"13\" >13<\/option>\n\t\t\t\t\t\t<option value=\"14\" >14<\/option>\n\t\t\t\t\t\t<option value=\"15\" >15<\/option>\n\t\t\t\t\t\t<option value=\"16\" >16<\/option>\n\t\t\t\t\t\t<option value=\"17\" >17<\/option>\n\t\t\t\t\t\t<option value=\"18\" >18<\/option>\n\t\t\t\t\t\t<option value=\"19\" >19<\/option>\n\t\t\t\t\t\t<option value=\"20\" >20<\/option>\n\t\t\t\t\t\t<option value=\"21\" >21<\/option>\n\t\t\t\t\t\t<option value=\"22\" >22<\/option>\n\t\t\t\t\t\t<option value=\"23\" >23<\/option>\n\t\t\t\t\t\t<option value=\"24\" >24<\/option>\n\t\t\t\t\t\t<option value=\"25\" >25<\/option>\n\t\t\t\t\t\t<option value=\"26\" >26<\/option>\n\t\t\t\t\t\t<option value=\"27\" >27<\/option>\n\t\t\t\t\t\t<option value=\"28\" >28<\/option>\n\t\t\t\t\t\t<option value=\"29\" >29<\/option>\n\t\t\t\t\t\t<option value=\"30\" >30<\/option>\n\t\t\t\t\t\t<option value=\"31\" >31<\/option>\n\t\t\t\t\t\t<option value=\"32\" >32<\/option>\n\t\t\t\t\t\t<option value=\"33\" >33<\/option>\n\t\t\t\t\t\t<option value=\"34\" >34<\/option>\n\t\t\t\t\t\t<option value=\"35\" >35<\/option>\n\t\t\t\t\t\t<option value=\"36\" >36<\/option>\n\t\t\t\t\t\t<option value=\"37\" >37<\/option>\n\t\t\t\t\t\t<option value=\"38\" >38<\/option>\n\t\t\t\t\t\t<option value=\"39\" >39<\/option>\n\t\t\t\t\t\t<option value=\"40\" >40<\/option>\n\t\t\t\t\t\t<option value=\"41\" >41<\/option>\n\t\t\t\t\t\t<option value=\"42\" >42<\/option>\n\t\t\t\t\t\t<option value=\"43\" >43<\/option>\n\t\t\t\t\t\t<option value=\"44\" >44<\/option>\n\t\t\t\t\t\t<option value=\"45\" >45<\/option>\n\t\t\t\t\t\t<option value=\"46\" >46<\/option>\n\t\t\t\t\t\t<option value=\"47\" >47<\/option>\n\t\t\t\t\t\t<option value=\"48\" >48<\/option>\n\t\t\t\t\t\t<option value=\"49\" >49<\/option>\n\t\t\t\t\t\t<option value=\"50\" >50<\/option>\n\t\t\t\t\t\t<option value=\"51\" >51<\/option>\n\t\t\t\t\t\t<option value=\"52\" >52<\/option>\n\t\t\t\t\t\t<option value=\"53\" >53<\/option>\n\t\t\t\t\t\t<option value=\"54\" >54<\/option>\n\t\t\t\t\t\t<option value=\"55\" >55<\/option>\n\t\t\t\t\t\t<option value=\"56\" >56<\/option>\n\t\t\t\t\t\t<option value=\"57\" >57<\/option>\n\t\t\t\t\t\t<option value=\"58\" >58<\/option>\n\t\t\t\t\t\t<option value=\"59\" >59<\/option>\n\t\t\t\t\t\t<option value=\"60\" >60<\/option>\n\t\t\t\t\t\t<option value=\"61\" >61<\/option>\n\t\t\t\t\t\t<option value=\"62\" >62<\/option>\n\t\t\t\t\t\t<option value=\"63\" >63<\/option>\n\t\t\t\t\t\t<option value=\"64\" >64<\/option>\n\t\t\t\t\t\t<option value=\"65\" >65<\/option>\n\t\t\t\t\t\t<option value=\"66\" >66<\/option>\n\t\t\t\t\t\t<option value=\"67\" >67<\/option>\n\t\t\t\t\t\t<option value=\"68\" >68<\/option>\n\t\t\t\t\t\t<option value=\"69\" >69<\/option>\n\t\t\t\t\t\t<option value=\"70\" >70<\/option>\n\t\t\t\t\t\t<option value=\"71\" >71<\/option>\n\t\t\t\t\t\t<option value=\"72\" >72<\/option>\n\t\t\t\t\t\t<option value=\"73\" >73<\/option>\n\t\t\t\t\t\t<option value=\"74\" >74<\/option>\n\t\t\t\t\t\t<option value=\"75\" >75<\/option>\n\t\t\t\t\t\t<option value=\"76\" >76<\/option>\n\t\t\t\t\t\t<option value=\"77\" >77<\/option>\n\t\t\t\t\t\t<option value=\"78\" >78<\/option>\n\t\t\t\t\t\t<option value=\"79\" >79<\/option>\n\t\t\t\t\t\t<option value=\"80\" >80<\/option>\n\t\t\t\t\t\t<option value=\"81\" >81<\/option>\n\t\t\t\t\t\t<option value=\"82\" >82<\/option>\n\t\t\t\t\t\t<option value=\"83\" >83<\/option>\n\t\t\t\t\t\t<option value=\"84\" >84<\/option>\n\t\t\t\t\t\t<option value=\"85\" >85<\/option>\n\t\t\t\t\t\t<option value=\"86\" >86<\/option>\n\t\t\t\t\t\t<option value=\"87\" >87<\/option>\n\t\t\t\t\t\t<option value=\"88\" >88<\/option>\n\t\t\t\t\t\t<option value=\"89\" >89<\/option>\n\t\t\t\t\t\t<option value=\"90\" >90<\/option>\n\t\t\t\t\t\t<option value=\"91\" >91<\/option>\n\t\t\t\t\t\t<option value=\"92\" >92<\/option>\n\t\t\t\t\t\t<option value=\"93\" >93<\/option>\n\t\t\t\t\t\t<option value=\"94\" >94<\/option>\n\t\t\t\t\t\t<option value=\"95\" >95<\/option>\n\t\t\t\t\t\t<option value=\"96\" >96<\/option>\n\t\t\t\t\t\t<option value=\"97\" >97<\/option>\n\t\t\t\t\t\t<option value=\"98\" >98<\/option>\n\t\t\t\t\t\t<option value=\"99\" >99<\/option>\n\t\t\t\t\t\t<option value=\"100\" >100<\/option>\n\t\t\t\t\t<\/select>\n\t<\/div>\n\n\t\t\t<\/fieldset>\n\t\t\t\t<fieldset class=\"contact\">\n\n\t\t\t\n\t\t\t\n\t<div class=\"rtb-text name\">\n\t\t\t\t<label for=\"rtb-name\">\n\t\t\tNavn\t\t<\/label>\n\t\t<input type=\"text\" name=\"rtb-name\" id=\"rtb-name\" value=\"\" required aria-required=\"true\">\n\t<\/div>\n\n\t\n\t<div class=\"rtb-text email\">\n\t\t\t\t<label for=\"rtb-email\">\n\t\t\tE-mail\t\t<\/label>\n\t\t<input type=\"email\" name=\"rtb-email\" id=\"rtb-email\" value=\"\" required aria-required=\"true\">\n\t<\/div>\n\n\t\n\t<div class=\"rtb-text telefon\">\n\t\t\t\t<label for=\"rtb-telefon\">\n\t\t\tTelefon\t\t<\/label>\n\t\t<input type=\"text\" name=\"rtb-telefon\" id=\"rtb-telefon\" value=\"\" required aria-required=\"true\">\n\t<\/div>\n\n\t\n\t<div class=\"add-message\">\n\t\t<a href=\"#\">\n\t\t\tTilf\u00f8j en besked\t\t<\/a>\n\t<\/div>\n\n\t\n\t<div class=\"rtb-textarea message\">\n\t\t\t\t<label for=\"rtb-message\">\n\t\t\tBesked\t\t<\/label>\n\t\t<textarea name=\"rtb-message\" id=\"rtb-message\"><\/textarea>\n\t<\/div>\n\n\t\n\t<div class=\"rtb-confirm barnestol\">\n\t\t\t\t<label for=\"rtb-barnestol\">\n\t\t\t<input type=\"checkbox\" name=\"rtb-barnestol\" id=\"rtb-barnestol\" value=\"1\" >\n\t\t\tBarnestol\t\t<\/label>\n\t<\/div>\n\n\t\n\t<div class=\"rtb-confirm flag-paa-bordet\">\n\t\t\t\t<label for=\"rtb-flag-paa-bordet\">\n\t\t\t<input type=\"checkbox\" name=\"rtb-flag-paa-bordet\" id=\"rtb-flag-paa-bordet\" value=\"1\" >\n\t\t\tFlag p\u00e5 bordet\t\t<\/label>\n\t<\/div>\n\n\t\t\t<\/fieldset>\n\t\t\t\t<fieldset class=\"consent\">\n\n\t\t\t\n\t\t\t\n\t<div class=\"rtb-confirm consent-statement\">\n\t\t\t\t<label for=\"rtb-consent-statement\">\n\t\t\t<input type=\"checkbox\" name=\"rtb-consent-statement\" id=\"rtb-consent-statement\" value=\"1\"  required aria-required=\"true\">\n\t\t\tJeg accepterer <a href=\"https:\/\/ribhouse.dk\/hillerod\/persondatapolitik\/\">Persondatapolitik<\/a>\t\t<\/label>\n\t<\/div>\n\n\t\t\t<\/fieldset>\n\t\t\n\t\t\n\t\t<fieldset class=\"rtb-form-footer\">\n\t\t\t<div id='rtb_recaptcha'><\/div>\n\t\t\t\n\t\t\t<div class=\"rtb-form-submit\"><button type=\"submit\">Gennemf\u00f8r reservation<\/button><\/div>\t\t<\/fieldset>\n\n\n\t<\/form>\n\n\t\n\t\n\t<\/div>\n\n\t \",\"status\":\"disabled\"}}]},{\"type\":\"column\",\"props\":{\"image_position\":\"center-center\",\"position_sticky_breakpoint\":\"m\",\"width_medium\":\"1-3\"},\"children\":[{\"type\":\"panel\",\"props\":{\"content\":\"<\/p>\n<p>Man-fre 11:00-22:00<br \\\/>L\\u00f8r-s\\u00f8n: 10:00-22:00<\\\/p>\\n<\/p>\n<p><\\\/p>\\n<\/p>\n<p>Slotsgade 52<br \\\/>3400 Hiller\\u00f8d<br \\\/>Tlf: 43 52 54 00<\\\/p>\",\"content_column_breakpoint\":\"m\",\"css\":\".el-element {\\nmargin-top: 32px;}\",\"icon_width\":80,\"image_align\":\"top\",\"image_grid_breakpoint\":\"m\",\"image_grid_width\":\"1-2\",\"image_svg_color\":\"emphasis\",\"link_style\":\"default\",\"link_text\":\"Read more\",\"margin\":\"default\",\"meta_align\":\"below-title\",\"meta_element\":\"div\",\"meta_style\":\"text-meta\",\"panel_padding\":\"default\",\"panel_style\":\"card-default\",\"title\":\"Rib House Hiller\\u00f8d\",\"title_align\":\"top\",\"title_element\":\"h3\",\"title_grid_breakpoint\":\"m\",\"title_grid_width\":\"1-2\",\"title_hover_style\":\"reset\"}},{\"type\":\"panel\",\"props\":{\"class\":\"red-border\",\"content\":\"<\/p>\n<p>Det er ikke muligt at booke bord til udenfor, da vi k\\u00f8rer efter \\\"f\\u00f8rst til m\\u00f8lle\\\" princippet.<\\\/p>\\n<\/p>\n<p><br \\\/><i>Vi g\\u00f8r opm\\u00e6rksom p\\u00e5, at ved arrangementer med 10 personer eller derover, skal der senest 48 timer inden ankomst til restauranten, v\\u00e6re meddelt endelig antal personer. Ellers vil du\\\/I blive opkr\\u00e6vet det fulde antal personer.<\\\/i><\\\/p>\",\"content_column_breakpoint\":\"m\",\"css\":\".el-element {\\nmargin-top: 32px;}\",\"icon_width\":80,\"image_align\":\"top\",\"image_grid_breakpoint\":\"m\",\"image_grid_width\":\"1-2\",\"image_svg_color\":\"emphasis\",\"link_style\":\"default\",\"link_text\":\"Read more\",\"margin\":\"default\",\"meta_align\":\"below-title\",\"meta_element\":\"div\",\"meta_style\":\"text-meta\",\"panel_padding\":\"default\",\"panel_style\":\"card-default\",\"title\":\"OBS\",\"title_align\":\"top\",\"title_element\":\"h3\",\"title_grid_breakpoint\":\"m\",\"title_grid_width\":\"1-2\",\"title_hover_style\":\"reset\"},\"name\":\"panel booke bord r\\u00f8d bg\"}]}]}]}],\"version\":\"4.3.6\"} --><\/p>\n","protected":false},"excerpt":{"rendered":"<p>Din browser har deaktiveret JavaScript! I samarbejde med easyTableBooking.dk CookiepolitikPersondatapolitik Rib House Hiller\u00f8d Man-fre 11:00-22:00L\u00f8r-s\u00f8n: 10:00-22:00 Slotsgade 523400 Hiller\u00f8dTlf: 43 52 54 00 OBS Det er ikke muligt at booke bord til udenfor, da vi k\u00f8rer efter &#8220;f\u00f8rst til m\u00f8lle&#8221; princippet. Vi g\u00f8r opm\u00e6rksom p\u00e5, at ved arrangementer med 10 personer eller derover, skal der [&hellip;]<\/p>\n","protected":false},"author":1,"featured_media":0,"parent":0,"menu_order":0,"comment_status":"closed","ping_status":"closed","template":"","meta":{"_acf_changed":false,"footnotes":""},"class_list":["post-7","page","type-page","status-publish","hentry"],"acf":[],"_links":{"self":[{"href":"https:\/\/ribhouse.dk\/hillerod\/wp-json\/wp\/v2\/pages\/7","targetHints":{"allow":["GET"]}}],"collection":[{"href":"https:\/\/ribhouse.dk\/hillerod\/wp-json\/wp\/v2\/pages"}],"about":[{"href":"https:\/\/ribhouse.dk\/hillerod\/wp-json\/wp\/v2\/types\/page"}],"author":[{"embeddable":true,"href":"https:\/\/ribhouse.dk\/hillerod\/wp-json\/wp\/v2\/users\/1"}],"replies":[{"embeddable":true,"href":"https:\/\/ribhouse.dk\/hillerod\/wp-json\/wp\/v2\/comments?post=7"}],"version-history":[{"count":53,"href":"https:\/\/ribhouse.dk\/hillerod\/wp-json\/wp\/v2\/pages\/7\/revisions"}],"predecessor-version":[{"id":31404,"href":"https:\/\/ribhouse.dk\/hillerod\/wp-json\/wp\/v2\/pages\/7\/revisions\/31404"}],"wp:attachment":[{"href":"https:\/\/ribhouse.dk\/hillerod\/wp-json\/wp\/v2\/media?parent=7"}],"curies":[{"name":"wp","href":"https:\/\/api.w.org\/{rel}","templated":true}]}}